{"id":9,"date":"2025-10-24T10:50:26","date_gmt":"2025-10-24T10:50:26","guid":{"rendered":"https:\/\/landrei.mkgv1.com.es\/landreiwp\/?page_id=9"},"modified":"2025-12-04T15:34:19","modified_gmt":"2025-12-04T15:34:19","slug":"pagina-de-inicio","status":"publish","type":"page","link":"https:\/\/landrei.mkgv1.com.es\/landreiwp\/","title":{"rendered":"Inicio"},"content":{"rendered":"\n<div class=\"wp-block-group has-global-padding is-layout-constrained wp-block-group-is-layout-constrained\">\n<h2 class=\"wp-block-heading has-text-align-center has-medium-font-size\" style=\"letter-spacing:1px\">TU RINC\u00d3N DE COCINA DULCE<\/h2>\n\n\n\n<p class=\"has-text-align-center\" style=\"font-size:clamp(14px, 0.875rem + ((1vw - 3.2px) * 0.531), 20px);\"><strong>\u00danete a nuestra comunidad y aprende a hornear sin l\u00edmites ni culpas.<\/strong><\/p>\n\n\n\n<div style=\"height:57px\" aria-hidden=\"true\" class=\"wp-block-spacer\"><\/div>\n<\/div>\n\n\n\n<div id=\"services\" class=\"wp-block-group alignfull pattern_multiple_covers has-background has-global-padding is-layout-constrained wp-block-group-is-layout-constrained\">\n<div class=\"wp-block-columns is-layout-flex wp-container-core-columns-is-layout-28f84493 wp-block-columns-is-layout-flex\">\n<div class=\"wp-block-column is-layout-flow wp-block-column-is-layout-flow\" style=\"padding-top:0;padding-right:0;padding-bottom:0;padding-left:0\"><\/div>\n<\/div>\n<\/div>\n\n\n\n<div class=\"wp-block-group alignfull has-global-padding is-layout-constrained wp-block-group-is-layout-constrained\" style=\"padding-top:0;padding-bottom:0;font-size:clamp(17.905px, 1.119rem + ((1vw - 3.2px) * 0.893), 28px);\">\n<div class=\"wp-block-group has-medium-font-size has-global-padding is-layout-constrained wp-block-group-is-layout-constrained\" style=\"padding-top:var(--wp--preset--spacing--small);padding-bottom:var(--wp--preset--spacing--small)\">\n<div class=\"wp-block-columns is-layout-flex wp-container-core-columns-is-layout-c375d253 wp-block-columns-is-layout-flex\">\n<div class=\"wp-block-column is-vertically-aligned-center is-layout-flow wp-block-column-is-layout-flow\">\n<h1 class=\"wp-block-heading has-medium-font-size\" style=\"text-transform:uppercase\">POSTREANDO&#8217;S WORLD<\/h1>\n\n\n\n<p style=\"font-size:clamp(14px, 0.875rem + ((1vw - 3.2px) * 0.531), 20px);\">Somos tu rinc\u00f3n de inspiraci\u00f3n dulce. Aqu\u00ed demostramos que la reposter\u00eda saludable puede ser sencilla y espectacular. Creamos recetas probadas, con ingredientes de calidad, para que endulzar tu d\u00eda sea siempre una opci\u00f3n f\u00e1cil y deliciosa. Tu cocina es el mejor obrador.<\/p>\n\n\n\n<div class=\"wp-block-buttons is-horizontal is-content-justification-left is-layout-flex wp-container-core-buttons-is-layout-20be11b6 wp-block-buttons-is-layout-flex\">\n<div class=\"wp-block-button is-style-outline is-style-outline--1\"><a class=\"wp-block-button__link has-medium-font-size has-custom-font-size wp-element-button\" href=\"https:\/\/landrei.mkgv1.com.es\/landreiwp\/?page_id=73\" style=\"border-radius:0px\">Qui\u00e9nes somos<\/a><\/div>\n<\/div>\n\n\n\n<p><\/p>\n<\/div>\n\n\n\n<div class=\"wp-block-column is-layout-flow wp-block-column-is-layout-flow\">\n<figure class=\"wp-block-image size-large is-resized\"><img loading=\"lazy\" decoding=\"async\" width=\"683\" height=\"1024\" src=\"https:\/\/landrei.mkgv1.com.es\/landreiwp\/wp-content\/uploads\/2025\/11\/pexels-ioanamtc-9622368-683x1024.jpg\" alt=\"\" class=\"wp-image-209\" style=\"width:327px;height:auto\" srcset=\"https:\/\/landrei.mkgv1.com.es\/landreiwp\/wp-content\/uploads\/2025\/11\/pexels-ioanamtc-9622368-683x1024.jpg 683w, https:\/\/landrei.mkgv1.com.es\/landreiwp\/wp-content\/uploads\/2025\/11\/pexels-ioanamtc-9622368-200x300.jpg 200w, https:\/\/landrei.mkgv1.com.es\/landreiwp\/wp-content\/uploads\/2025\/11\/pexels-ioanamtc-9622368-2000x3000.jpg 2000w, https:\/\/landrei.mkgv1.com.es\/landreiwp\/wp-content\/uploads\/2025\/11\/pexels-ioanamtc-9622368-scaled.jpg 1707w\" sizes=\"auto, (max-width: 683px) 100vw, 683px\" \/><\/figure>\n<\/div>\n<\/div>\n\n\n\n<div style=\"height:30px\" aria-hidden=\"true\" class=\"wp-block-spacer\"><\/div>\n<\/div>\n<\/div>\n\n\n\n<div class=\"wp-block-group alignfull has-background has-global-padding is-layout-constrained wp-block-group-is-layout-constrained\">\n<div class=\"wp-block-group has-global-padding is-layout-constrained wp-block-group-is-layout-constrained\" style=\"padding-top:var(--wp--preset--spacing--small);padding-bottom:var(--wp--preset--spacing--small)\">\n<div class=\"wp-block-columns are-vertically-aligned-center is-layout-flex wp-container-core-columns-is-layout-c375d253 wp-block-columns-is-layout-flex\" style=\"font-size:clamp(18.959px, 1.185rem + ((1vw - 3.2px) * 0.977), 30px);\">\n<div class=\"wp-block-column is-vertically-aligned-center is-layout-flow wp-block-column-is-layout-flow\">\n<figure class=\"wp-block-image size-large is-resized\"><img loading=\"lazy\" decoding=\"async\" width=\"683\" height=\"1024\" src=\"https:\/\/landrei.mkgv1.com.es\/landreiwp\/wp-content\/uploads\/2025\/11\/pexels-polina-tankilevitch-4110541-683x1024.jpg\" alt=\"\" class=\"wp-image-210\" style=\"width:330px;height:auto\" srcset=\"https:\/\/landrei.mkgv1.com.es\/landreiwp\/wp-content\/uploads\/2025\/11\/pexels-polina-tankilevitch-4110541-683x1024.jpg 683w, https:\/\/landrei.mkgv1.com.es\/landreiwp\/wp-content\/uploads\/2025\/11\/pexels-polina-tankilevitch-4110541-200x300.jpg 200w, https:\/\/landrei.mkgv1.com.es\/landreiwp\/wp-content\/uploads\/2025\/11\/pexels-polina-tankilevitch-4110541-scaled.jpg 1707w\" sizes=\"auto, (max-width: 683px) 100vw, 683px\" \/><\/figure>\n<\/div>\n\n\n\n<div class=\"wp-block-column is-vertically-aligned-center is-layout-flow wp-block-column-is-layout-flow\">\n<h2 class=\"wp-block-heading has-medium-font-size\" style=\"text-transform:uppercase\">CONTENIDO<\/h2>\n\n\n\n<p class=\"has-medium-font-size\">Aqu\u00ed tienes recetas detalladas y trucos de cocina probados para que consigas postres perfectos. Encontrar\u00e1s desde opciones deliciosamente saludables hasta esos caprichos cl\u00e1sicos que no pueden faltar. Navega, aprende y hornea sin l\u00edmites. \u00a1La diversi\u00f3n es el ingrediente principal!<\/p>\n\n\n\n<div class=\"wp-block-buttons is-layout-flex wp-block-buttons-is-layout-flex\">\n<div class=\"wp-block-button is-style-outline is-style-outline--2\"><a class=\"wp-block-button__link has-medium-font-size has-custom-font-size wp-element-button\" href=\"https:\/\/landrei.mkgv1.com.es\/landreiwp\/?page_id=137\" style=\"border-radius:0px\">Blog<\/a><\/div>\n<\/div>\n<\/div>\n<\/div>\n\n\n\n<div style=\"height:30px\" aria-hidden=\"true\" class=\"wp-block-spacer\"><\/div>\n<\/div>\n<\/div>\n\n\n\n<div id=\"partners\" class=\"wp-block-group has-global-padding is-content-justification-center is-layout-constrained wp-container-core-group-is-layout-dc06fb1d wp-block-group-is-layout-constrained\"><\/div>\n\n\n\n<div class=\"wp-block-cover alignfull has-parallax is-position-center-center\" style=\"border-radius:0px\"><div class=\"wp-block-cover__image-background wp-image-157 size-large has-parallax\" style=\"background-position:50% 50%;background-image:url(https:\/\/landrei.mkgv1.com.es\/landreiwp\/wp-content\/uploads\/2025\/11\/imagen-fondo-1024x683.jpg)\"><\/div><span aria-hidden=\"true\" class=\"wp-block-cover__background has-black-background-color has-background-dim-30 has-background-dim\"><\/span><div class=\"wp-block-cover__inner-container is-layout-flow wp-block-cover-is-layout-flow\">\n<div class=\"wp-block-group has-global-padding is-layout-constrained wp-block-group-is-layout-constrained\">\n<h3 class=\"wp-block-heading alignfull has-text-align-center has-text-color\" style=\"color:#fffffa;font-size:clamp(16.293px, 1.018rem + ((1vw - 3.2px) * 0.771), 25px);text-transform:uppercase\">\u00a1CONECTA CON NOSOTROS!<\/h3>\n\n\n\n<p class=\"has-text-align-center has-white-color has-text-color\" style=\"font-size:clamp(14px, 0.875rem + ((1vw - 3.2px) * 0.531), 20px);\">\u00bfTe gustar\u00eda sugerir alguna receta o colaborar con Postreando? \u00a1Escr\u00edbeme y hablemos de postres!<\/p>\n\n\n\n<div class=\"wp-block-buttons is-horizontal is-content-justification-center is-layout-flex wp-container-core-buttons-is-layout-03627597 wp-block-buttons-is-layout-flex\">\n<div class=\"wp-block-button has-custom-width wp-block-button__width-25 is-style-outline is-style-outline--3\"><a class=\"wp-block-button__link has-white-color has-text-color has-custom-font-size wp-element-button\" href=\"https:\/\/landrei.mkgv1.com.es\/landreiwp\/?page_id=114\" style=\"border-radius:0px;font-size:clamp(14px, 0.875rem + ((1vw - 3.2px) * 0.531), 20px);\">CONT\u00c1CTANOS<\/a><\/div>\n<\/div>\n<\/div>\n<\/div><\/div>\n\n\n\n<div id=\"news\" class=\"wp-block-group has-global-padding is-layout-constrained wp-block-group-is-layout-constrained\">\n<div style=\"height:108px\" aria-hidden=\"true\" class=\"wp-block-spacer\"><\/div>\n\n\n\n<p class=\"has-text-align-left has-secondary-color has-text-color\"><\/p>\n\n\n\n<h2 class=\"wp-block-heading has-text-align-left\">\u00daltimas novedades<\/h2>\n\n\n\n<div style=\"height:33px\" aria-hidden=\"true\" class=\"wp-block-spacer\"><\/div>\n\n\n\n<div class=\"wp-block-query is-layout-flow wp-block-query-is-layout-flow\"><ul class=\"columns-3 wp-block-post-template is-layout-grid wp-container-core-post-template-is-layout-6aac66c0 wp-block-post-template-is-layout-grid\"><li class=\"wp-block-post post-217 post type-post status-publish format-standard hentry category-ingredientes-postres-saludables\">\n\n\n<div style=\"margin-top:0;margin-bottom:0;\" class=\"has-link-color wp-elements-81b22c36d1d8b884fcf13a99846b36c3 wp-block-post-date has-text-color has-tertiary-color\"><time datetime=\"2025-11-26T16:04:47+00:00\">noviembre 26, 2025<\/time><\/div>\n\n<h3 style=\"margin-top:0;margin-bottom:var(--wp--preset--spacing--x-small);\" class=\"has-link-color wp-elements-2e75b4e4fab489cf445e03eda13279d1 wp-block-post-title\"><a href=\"https:\/\/landrei.mkgv1.com.es\/landreiwp\/?p=217\" target=\"_self\" >Galletas saludables f\u00e1ciles de preparar<\/a><\/h3>\n\n<div class=\"has-link-color wp-elements-61eeeb1d6c31f3761cb8bc35b6e1a095 wp-block-post-excerpt has-text-color has-tertiary-color\"><p class=\"wp-block-post-excerpt__excerpt\">Galletas saludables f\u00e1ciles para cada d\u00eda. F\u00e1ciles, r\u00e1pidas y con ingredientes que normalmente tienes en la despensa. Estas galletas son crujientes por fuera y tiernas por dentro, ofreciendo el equilibrio perfecto entre una galleta cl\u00e1sica y un perfil&hellip; <\/p><\/div>\n\n<a style=\"text-transform:uppercase; border-width:2px; padding-right:var(--wp--preset--spacing--x-small);padding-left:var(--wp--preset--spacing--x-small);padding-top:10px;padding-bottom:10px;\" class=\"wp-block-read-more has-text-color has-foreground-color\" href=\"https:\/\/landrei.mkgv1.com.es\/landreiwp\/?p=217\" target=\"_self\">Leer m\u00e1s<span class=\"screen-reader-text\">: Galletas saludables f\u00e1ciles de preparar<\/span><\/a>\n<\/li><li class=\"wp-block-post post-215 post type-post status-publish format-standard hentry category-ingredientes-postres-saludables\">\n\n\n<div style=\"margin-top:0;margin-bottom:0;\" class=\"has-link-color wp-elements-81b22c36d1d8b884fcf13a99846b36c3 wp-block-post-date has-text-color has-tertiary-color\"><time datetime=\"2025-11-26T16:02:03+00:00\">noviembre 26, 2025<\/time><\/div>\n\n<h3 style=\"margin-top:0;margin-bottom:var(--wp--preset--spacing--x-small);\" class=\"has-link-color wp-elements-2e75b4e4fab489cf445e03eda13279d1 wp-block-post-title\"><a href=\"https:\/\/landrei.mkgv1.com.es\/landreiwp\/?p=215\" target=\"_self\" >Snacks dulces saludables<\/a><\/h3>\n\n<div class=\"has-link-color wp-elements-61eeeb1d6c31f3761cb8bc35b6e1a095 wp-block-post-excerpt has-text-color has-tertiary-color\"><p class=\"wp-block-post-excerpt__excerpt\">Snacks dulces saludables: peque\u00f1as porciones, f\u00e1ciles de preparar y perfectas para llevar. Estos snacks est\u00e1n dise\u00f1ados para controlar el antojo de dulce sin romper la dieta ni recurrir a productos ultraprocesados. Se centran en la combinaci\u00f3n de carbohidratos&hellip; <\/p><\/div>\n\n<a style=\"text-transform:uppercase; border-width:2px; padding-right:var(--wp--preset--spacing--x-small);padding-left:var(--wp--preset--spacing--x-small);padding-top:10px;padding-bottom:10px;\" class=\"wp-block-read-more has-text-color has-foreground-color\" href=\"https:\/\/landrei.mkgv1.com.es\/landreiwp\/?p=215\" target=\"_self\">Leer m\u00e1s<span class=\"screen-reader-text\">: Snacks dulces saludables<\/span><\/a>\n<\/li><li class=\"wp-block-post post-213 post type-post status-publish format-standard hentry category-ingredientes-postres-saludables\">\n\n\n<div style=\"margin-top:0;margin-bottom:0;\" class=\"has-link-color wp-elements-81b22c36d1d8b884fcf13a99846b36c3 wp-block-post-date has-text-color has-tertiary-color\"><time datetime=\"2025-11-26T15:59:55+00:00\">noviembre 26, 2025<\/time><\/div>\n\n<h3 style=\"margin-top:0;margin-bottom:var(--wp--preset--spacing--x-small);\" class=\"has-link-color wp-elements-2e75b4e4fab489cf445e03eda13279d1 wp-block-post-title\"><a href=\"https:\/\/landrei.mkgv1.com.es\/landreiwp\/?p=213\" target=\"_self\" >Postres fr\u00edos saludables: helados, mousses y parfaits<\/a><\/h3>\n\n<div class=\"has-link-color wp-elements-61eeeb1d6c31f3761cb8bc35b6e1a095 wp-block-post-excerpt has-text-color has-tertiary-color\"><p class=\"wp-block-post-excerpt__excerpt\">Postres que refrescan y mantienen el perfil healthy. Esta secci\u00f3n explora ideas sin heladera y versiones cremosas que no necesitan az\u00facar refinado, demostrando que lo delicioso puede ser nutritivo, incluso en los meses de calor. Los postres fr\u00edos&hellip; <\/p><\/div>\n\n<a style=\"text-transform:uppercase; border-width:2px; padding-right:var(--wp--preset--spacing--x-small);padding-left:var(--wp--preset--spacing--x-small);padding-top:10px;padding-bottom:10px;\" class=\"wp-block-read-more has-text-color has-foreground-color\" href=\"https:\/\/landrei.mkgv1.com.es\/landreiwp\/?p=213\" target=\"_self\">Leer m\u00e1s<span class=\"screen-reader-text\">: Postres fr\u00edos saludables: helados, mousses y parfaits<\/span><\/a>\n<\/li><\/ul>\n\n<\/div>\n\n\n\n<p><\/p>\n<\/div>\n\n\n","protected":false},"excerpt":{"rendered":"<p>TU RINC\u00d3N DE COCINA DULCE \u00danete a nuestra comunidad y aprende a hornear sin l\u00edmites ni culpas. POSTREANDO&#8217;S WORLD Somos tu rinc\u00f3n de inspiraci\u00f3n dulce. Aqu\u00ed demostramos que la reposter\u00eda saludable puede ser sencilla y espectacular. Creamos recetas probadas, con ingredientes de calidad, para que endulzar tu d\u00eda sea siempre una opci\u00f3n f\u00e1cil y deliciosa. &hellip; <\/p>\n<p class=\"link-more\"><a href=\"https:\/\/landrei.mkgv1.com.es\/landreiwp\/\" class=\"more-link\">Leer m\u00e1s<span class=\"screen-reader-text\"> \u00abInicio\u00bb<\/span><\/a><\/p>\n","protected":false},"author":1,"featured_media":0,"parent":0,"menu_order":0,"comment_status":"closed","ping_status":"closed","template":"page-templates\/homepage-builder-bb.php","meta":{"footnotes":""},"class_list":["post-9","page","type-page","status-publish","hentry"],"_links":{"self":[{"href":"https:\/\/landrei.mkgv1.com.es\/landreiwp\/index.php?rest_route=\/wp\/v2\/pages\/9","targetHints":{"allow":["GET"]}}],"collection":[{"href":"https:\/\/landrei.mkgv1.com.es\/landreiwp\/index.php?rest_route=\/wp\/v2\/pages"}],"about":[{"href":"https:\/\/landrei.mkgv1.com.es\/landreiwp\/index.php?rest_route=\/wp\/v2\/types\/page"}],"author":[{"embeddable":true,"href":"https:\/\/landrei.mkgv1.com.es\/landreiwp\/index.php?rest_route=\/wp\/v2\/users\/1"}],"replies":[{"embeddable":true,"href":"https:\/\/landrei.mkgv1.com.es\/landreiwp\/index.php?rest_route=%2Fwp%2Fv2%2Fcomments&post=9"}],"version-history":[{"count":18,"href":"https:\/\/landrei.mkgv1.com.es\/landreiwp\/index.php?rest_route=\/wp\/v2\/pages\/9\/revisions"}],"predecessor-version":[{"id":295,"href":"https:\/\/landrei.mkgv1.com.es\/landreiwp\/index.php?rest_route=\/wp\/v2\/pages\/9\/revisions\/295"}],"wp:attachment":[{"href":"https:\/\/landrei.mkgv1.com.es\/landreiwp\/index.php?rest_route=%2Fwp%2Fv2%2Fmedia&parent=9"}],"curies":[{"name":"wp","href":"https:\/\/api.w.org\/{rel}","templated":true}]}}